36. What is m(5)?
-44
Let x(d) = -87*d - 415. Give x(-4).
-67
Let p(y) = 302*y - 24480. Determine p(81).
-18
Let o(l) = 2*l**2 + 1132*l + 37168. Determine o(-35).
-2
Let q(t) = -630*t - 1258. Determine q(-2).
2
Let g(w) = -104*w - 1878. Calculate g(-18).
-6
Let l(z) = -4385*z + 48243. Determine l(11).
8
Let s(z) = -z**3 + 74*z**2 - 211*z - 135. Calculate s(71).
7
Let h(g) = -23*g**2 + 67*g - 31. Determine h(2).
11
Let n(i) = -25*i + 100. What is n(2)?
50
Let o(b) = 1383*b - 5. Calculate o(0).
-5
Let s(u) = -126*u - 399. Determine s(-3).
-21
Let t(k) = -k**2 - 79*k - 106. Give t(-78).
-28
Let r(u) = -3*u**3 + 23*u**2 + 806*u - 9. Calculate r(-13).
-9
Let z(q) = -q**2 - 32*q - 234. What is z(-24)?
-42
Let z(i) = i**3 - 127*i**2 + 134*i - 1024. Determine z(126).
-16
Let g(j) = -5*j**3 - j**2 + 11*j - 13. Determine g(2).
-35
Let t(c) = c**3 - 66*c**2 + 40*c + 1625. What is t(65)?
0
Let u(l) = 97*l - 1512. Give u(24).
816
Let x(s) = s**3 + 32*s**2 + 224*s + 62. Determine x(-22).
-26
Let m(n) = 9*n - 286. Determine m(18).
-124
Let u(v) = -78*v**2 - 3902*v - 83. Determine u(-50).
17
Let g(m) = -175*m - 517. Give g(-3).
8
Let f(g) = 54*g**2 + 2223*g + 369. What is f(-41)?
0
Let x(g) = -88*g - 2697. What is x(-34)?
295
Let d(m) = 2*m**3 + 37*m**2 - 325*m - 30. Determine d(-25).
-30
Let a(h) = -h**2 + 52*h + 819. Determine a(-13).
-26
Let w(v) = 16*v**2 + 50*v - 8. Give w(0).
-8
Let b(p) = p**2 + 57*p - 1066. Calculate b(-72).
14
Let m(p) = 32*p + 27. Give m(4).
155
Let m(h) = -5*h**3 + 26*h**2 + 14*h - 3. Calculate m(6).
-63
Let j(s) = 736*s - 54428. What is j(74)?
36
Let t(m) = 6*m - 212. Give t(18).
-104
Let b(p) = -21*p**2 + 619*p - 604. What is b(1)?
-6
Let b(p) = p**3 - 27*p**2 - 2*p + 11. Calculate b(27).
-43
Let x(y) = -y**2 + 41*y - 303. Give x(34).
-65
Let j(x) = -x**2 + 196*x + 4605. Determine j(-21).
48
Let c(g) = g**3 - 58*g**2 - 75*g + 948. What is c(59)?
4
Let n(m) = 10*m**3 - 160*m**2 - 4. What is n(16)?
-4
Let a(m) = -m**3 + 88*m**2 + 81*m + 161. What is a(89)?
-551
Let y(j) = 25*j - 603. Calculate y(-32).
-1403
Let h(t) = t**3 + 9*t - 91. Calculate h(4).
9
Let v(u) = -40*u - 372. Give v(-11).
68
Let x(r) = -r**3 - 46*r**2 + 152*r + 242. What is x(-49)?
-3
Let z(q) = q**3 - 16*q**2 + 69*q + 21. Calculate z(11).
175
Let a(v) = 18*v**2 + 90*v - 7. Calculate a(-6).
101
Let c(s) = -510*s + 20424. Calculate c(40).
24
Let c(i) = -11*i + 108. Give c(10).
-2
Let d(n) = -43*n - 886. Determine d(-21).
17
Let w(k) = 29*k**2 - 12*k - 19. Determine w(-2).
121
Let k(t) = t**3 + 26*t**2 + 106*t + 21. Determine k(-21).
0
Let o(f) = 196*f + 1777. What is o(-9)?
13
Let s(w) = 4*w**3 + 10*w**2 + 19*w + 41. Calculate s(-2).
11
Let y(c) = c**3 + 15*c**2 - 77*c - 61. Calculate y(-19).
-42
Let q(c) = -14*c**2 + 31*c - 210. Give q(8).
-858
Let u(n) = -13*n + 739. Calculate u(56).
11
Let c(l) = -2*l**3 - 11*l**2 - 6*l + 11. Give c(-5).
16
Let a(z) = -5*z + 79. What is a(-10)?
129
Let v(a) = -a - 75. Determine v(-76).
1
Let t(u) = 4*u**3 + 307*u**2 - 74*u + 231. Give t(-77).
0
Let w(y) = -2*y**2 - 24*y + 1725. Calculate w(24).
-3
Let j(z) = 9*z**2 + 152*z - 11. Calculate j(-17).
6
Let a(q) = -5*q - 399. Determine a(16).
-479
Let d(c) = -178*c - 813. Calculate d(-4).
-101
Let v(r) = -7*r**2 + 456*r - 58. Give v(65).
7
Let u(x) = -646*x + 16168. What is u(25)?
18
Let q(b) = 4*b**2 + 352*b - 380. Determine q(-89).
-24
Let a(f) = 24*f**2 + 53*f + 103. Determine a(-3).
160
Let s(r) = -r**3 + 7*r**2 + 4*r + 3. What is s(8)?
-29
Let c(t) = t**3 - 12*t**2 + 20*t - 3. Give c(9).
-66
Let u(l) = 344*l - 15. What is u(-1)?
-359
Let z(m) = 2*m**2 - 102*m + 678. Calculate z(8).
-10
Let p(s) = s**3 + 2*s**2 + 6*s - 50. Give p(6).
274
Let x(v) = -v**3 + 33*v**2 - 153*v. Give x(5).
-65
Let u(b) = -70*b - 717. Determine u(-11).
53
Let r(x) = 4593*x - 18390. Calculate r(4).
-18
Let k(z) = -2*z**3 + 9*z**2 - 36*z + 282. Calculate k(7).
-215
Let n(w) = w**2 - 54*w + 226. What is n(34)?
-454
Let q(j) = -4*j**3 - 8*j**2 + 64*j + 109. Give q(-4).
-19
Let g(s) = -s**3 + 11*s**2 + 55*s - 9. What is g(-4)?
11
Let l(c) = 31*c**2 - 1086*c + 45. Give l(35).
10
Let j(x) = -x**3 - 6*x**2 + 29*x + 53. Determine j(4).
9
Let j(d) = 872*d - 3485. Give j(4).
3
Let n(y) = y**3 - 23*y**2 - 465*y - 102. Give n(36).
6
Let m(x) = 86*x - 3258. Determine m(38).
10
Let x(p) = 3*p**2 + 34*p + 164. What is x(-9)?
101
Let i(c) = -37*c - 48. Give i(-16).
544
Let p(w) = -17*w + 703. Determine p(41).
6
Let z(g) = g**2 + 39*g - 1793. What is z(-66)?
-11
Let n(m) = -m**3 + 33*m**2 - 2*m + 36. Calculate n(33).
-30
Let o(n) = -140*n + 6429. Give o(46).
-11
Let l(j) = -j**3 - 18*j**2 + 25*j - 364. What is l(-20)?
-64
Let y(o) = -11*o**3 - 20*o**2 - 26*o - 59. Determine y(-2).
1
Let y(j) = -j**2 - 254*j - 2898. What is y(-12)?
6
Let y(k) = -k**3 - 10*k**2 - 873*k - 9725. Give y(-11).
-1
Let f(z) = -z**3 + 25*z**2 - 93*z - 148. Give f(20).
-8
Let a(y) = 6*y**2 - 93*y + 186. What is a(2)?
24
Let t(o) = -48*o**3 - 2*o**2 + 40*o - 77. Calculate t(2).
-389
Let o(v) = -2*v**3 + 85*v**2 + 125*v - 95. What is o(44)?
-403
Let q(h) = h**3 - 39*h**2 + 46*h - 274. Give q(38).
30
Let s(f) = -10*f**3 - 5*f**2 + 15*f - 10. What is s(2)?
-80
Let f(t) = -2*t**2 + 518*t - 15685. Calculate f(224).
-5
Let c(b) = -1152*b - 9. Calculate c(0).
-9
Let x(n) = -n**3 + 7*n**2 + 20*n - 27. Give x(8).
69
Let t(d) = -13*d - 786. Calculate t(-62).
20
Let x(y) = -y**2 - 2*y + 132. What is x(12)?
-36
Let j(s) = 28*s - 682. Calculate j(25).
18
Let x(s) = -54*s - 310. What is x(-7)?
68
Let x(o) = -3571*o + 78580. Give x(22).
18
Let v(r) = 314*r - 312. Calculate v(1).
2
Let z(a) = -a**2 - 35*a + 176. Calculate z(-35).
176
Let r(p) = -2*p**2 - 367*p - 14944. Give r(-61).
1
Let d(n) = 3*n**2 + 15*n - 25. What is d(0)?
-25
Let z(i) = -i**3 + 12*i**2 - 2*i + 6. What is z(11)?
105
Let v(d) = 53*d + 380. Give v(-8).
-44
Let v(f) = -2*f**2 - 139*f + 378. Determine v(-73).
-133
Let g(t) = 358*t - 6409. Determine g(18).
35
Let n(r) = -53*r + 422. What is n(8)?
-2
Let m(r) = 6*r**3 + 2*r**2 + 10*r - 10. What is m(3)?
200
Let t(d) = d**2 - 159. What is t(-11)?
-38
Let r(p) = 846*p - 70. Give r(1).
776
Let j(o) = -75*o - 464. Give j(-8).
136
Let q(r) = -r**2 - 42*r - 72. What is q(-40)?
8
Let m(n) = 35*n**2 - 314*n + 267. Calculate m(8).
-5
Let c(u) = 11*u + 146. Determine c(-29).
-173
Let t(i) = -i**3 + 20*i**2 - 23*i + 454. Determine t(20).
-6
Let r(c) = 2*c**3 + 53*c**2 - 1547*c - 298. What is r(-44)?
10
Let f(g) = -113*g - 1793. Calculate f(-16).
15
Let j(u) = -u**3 - 27*u**2 - 171*u + 15. Give j(-13).
-128
Let a(c) = 12534*c + 338423. Calculate a(-27).
5
Let i(t) = -25*t - 3761. What is i(-151)?
14
Let g(y) = 442*y + 3213. Determine g(-7).
119
Let h(g) = -129*g - 9. What is h(6)?
-783
Let j(z) = 76*z - 7423. Calculate j(97).
-51
Let k(w) = 64*w**2 + 3330*w - 20. Determine k(-52).
-124
Let o(z) = -2*z**3 - 2*z**2 + 27*z. Determine o(-4).
-12
Let b(f) = f**3 - 19*f**2 + 26*f - 6. Give b(16).
-358
Let m(r) = 295*r + 29. What is m(-2)?
-561
Let n(p) = 25*p**2 - 1905*p - 3810. Determine n(-2).
100
Let g(c) = 6777*c + 155869. Give g(-23).
-2
Let k(p) = -p**3 + 87*p**2 + 170*p + 713. What is k(89)?
1
Let a(w) = 43*w + 1803. Calculate a(-42).
-3
Let o(b) = 68*b**2 + 107*b - 3084. Determine o(6).
6
Let j(t) = t**2 + 147*t + 2323. What is j(-15)?
343
Let x(p) = 3*p**2 + 48*p + 155. What is x(-4)?
11
Let v(p) = -p**2 + 79*p + 1073. What is v(-12)?
-19
Let l(s) = -88*s + 205. What is l(2)?
29
Let n(v) = 3*v**3 - 32*v**2 - 125*v + 1452. What is n(10)?
2
Let n(a) = -a**2 - 1815*a + 87514. Determine n(47).
0
Let x(t) = t**3 - 68*t**2 - 294*t + 113. Calculate x(72).
-319
Let i(x) = 3866*x + 19336. Give i(-5).
6
Let h(q) = -2*q**2 + 23*q + 10. What is h(13)?
-29
Let j(p) = p**3 - 60*p**2 - 114*p - 591. What is j(62)?
29
Let k(o) = o**3 - 80*o**2 + 453*o - 653. Give k(74).
13
Let u(z) = -50*z**2 - 3795*z + 384. Determine u(-76).
4
Let l(u) = -u**2 - 7*u + 8004. Determine l(86).
6
Let y(q) = -q**2 + 8*q - 43. Give y(15).
-148
Let s(g) = 10*g + 66. Give s(-7).
-4
Let x(z) = z**2 + 258*z + 11878. Give x(-60).
-2
Let q(m) = -m**2 - 74*m - 414. What is q(-68)?
-6
Let q(g) = -g**2 - 5*g + 38. Determine q(-7).
24
Let t(r) = 41*r + 4226. Determine t(-103).
3
Let u(x) = -3*x**2 - 7